visor of 12852252 and 504.
252
Calculate the highest common factor of 88 and 3852343.
11
What is the highest common divisor of 31400996 and 836?
836
Calculate the greatest common divisor of 51 and 91239.
51
Calculate the highest common factor of 7329540 and 240.
60
Calculate the greatest common divisor of 8780 and 1312171.
439
Calculate the highest common divisor of 23982 and 1351.
7
What is the greatest common factor of 33447 and 29628?
3
What is the greatest common divisor of 96623 and 2764258?
4201
What is the highest common factor of 10 and 3531020?
10
What is the highest common divisor of 2212 and 144564?
28
What is the greatest common divisor of 10 and 13004630?
10
What is the greatest common factor of 1792 and 19237862?
14
Calculate the highest common divisor of 915432 and 5691.
21
What is the greatest common factor of 14430135 and 285?
15
What is the highest common divisor of 218703457 and 652?
163
What is the highest common factor of 378062 and 1216?
38
What is the highest common divisor of 2585 and 572957?
11
What is the highest common divisor of 459818946 and 18?
18
What is the highest common factor of 18036 and 11007?
9
Calculate the greatest common factor of 189 and 5308065.
189
What is the highest common factor of 15232 and 1191568?
112
What is the greatest common divisor of 15544 and 373927?
67
Calculate the greatest common factor of 45840 and 6109135.
955
What is the highest common divisor of 320503370 and 165?
55
What is the highest common divisor of 14137533 and 54?
9
What is the highest common divisor of 251961783 and 47?
47
What is the highest common factor of 101329 and 1383567?
947
What is the highest common factor of 7294 and 3154802?
14
What is the greatest common factor of 15694 and 3777770?
2242
What is the highest common divisor of 4 and 30637?
1
Calculate the greatest common divisor of 143902 and 2191024.
4642
Calculate the highest common factor of 177060 and 897.
39
Calculate the greatest common factor of 168433 and 131.
1
What is the greatest common divisor of 99 and 18223535?
11
Calculate the greatest common factor of 118274996 and 128044.
7532
What is the highest common factor of 663 and 1374161?
17
What is the highest common divisor of 264 and 181827528?
24
Calculate the highest common divisor of 987 and 151812773.
329
What is the highest common factor of 414656336 and 2368?
592
What is the greatest common divisor of 5042466 and 2002?
286
Calculate the greatest common factor of 3199 and 279490689.
457
What is the highest common divisor of 62284378 and 139282?
12662
Calculate the greatest common divisor of 604647 and 14589.
9
Calculate the greatest common divisor of 27778218 and 66.
6
What is the highest common factor of 47260 and 81593?
139
What is the greatest common factor of 779810 and 12180?
290
What is the highest common factor of 468078700 and 54500?
10900
Calculate the greatest common divisor of 273300 and 41100.
300
Calculate the highest common divisor of 7472801 and 6304.
197
Calculate the highest common factor of 11961 and 1349378.
443
What is the greatest common factor of 14277 and 85?
1
What is the greatest common divisor of 212046 and 16579?
59
What is the greatest common factor of 89291 and 1348602?
3079
Calculate the greatest common factor of 31127928 and 3588.
156
Calculate the greatest common divisor of 142298 and 2873746.
842
What is the highest common divisor of 104648 and 4242776?
824
Calculate the greatest common factor of 31 and 513692134.
31
Calculate the highest common divisor of 12169 and 3334693.
43
What is the highest common factor of 4742640 and 1155?
105
What is the greatest common factor of 93205 and 101570?
35
Calculate the highest common divisor of 143479 and 49949.
199
Calculate the highest common divisor of 12170321 and 1628835.
8353
What is the highest common divisor of 1232 and 84782544?
1232
Calculate the highest common divisor of 19813200 and 16929.
627
Calculate the greatest common factor of 1472 and 763301.
23
What is the highest common factor of 101476349 and 408?
17
Calculate the greatest common factor of 7315 and 1669745.
385
Calculate the greatest common divisor of 3323 and 326707391.
3323
What is the greatest common divisor of 7601236 and 68?
4
What is the highest common factor of 15932943 and 26?
13
What is the greatest common factor of 96 and 22910856?
24
What is the highest common factor of 9672 and 638463228?
4836
Calculate the highest common divisor of 249196861 and 206.
103
What is the highest common divisor of 34040 and 3325560?
1480
Calculate the greatest common factor of 10639724 and 6.
2
What is the highest common factor of 824707 and 585?
13
What is the greatest common divisor of 396171 and 1161?
27
What is the highest common factor of 350 and 1380981350?
350
What is the highest common divisor of 3370 and 2765759?
337
What is the highest common divisor of 3935961 and 46944?
1467
Calculate the greatest common divisor of 44480064 and 12.
12
Calculate the greatest common factor of 12308 and 800201.
181
Calculate the highest common factor of 124605 and 13135.
355
Calculate the greatest common factor of 253437075 and 25.
25
What is the highest common factor of 53790 and 945726?
978
Calculate the greatest common factor of 286 and 2129413.
143
What is the highest common factor of 3981277 and 23?
23
What is the highest common divisor of 72 and 266168?
8
Calculate the greatest common factor of 1704 and 42201051.
213
What is the greatest common factor of 417728 and 3291072?
3904
Calculate the highest common factor of 321527 and 752.
47
What is the greatest common factor of 603 and 1680829?
67
Calculate the highest common divisor of 4464 and 905076.
1116
Calculate the highest common divisor of 7374332 and 140.
28
Calculate the highest common divisor of 97468972 and 7503.
2501
Calculate the highest common divisor of 56266 and 474471083.
4019
What is the highest common divisor of 850465 and 8225?
1645
Calculate the highest common divisor of 288 and 66025312.
32
Calculate the greatest common divisor of 869315 and 29845.
635
What is the highest common factor of 452197 and 1209?
31
Calculate the highest common divisor of 3432685 and 2505.
835
What is the highest common factor of 22 and 20647?
11
What is the highest common divisor of 11165 and 108955?
385
What is the greatest common divisor of 40772922 and 138?
6
What is the highest common factor of 1685099 and 4307?
59
What is the greatest common divisor of 66825 and 189925?
25
Calculate the highest common factor of 15050 and 202960.
430
Calculate the greatest common divisor of 1919760 and 2832.
48
Calculate the highest common factor of 162 and 2612826.
18
Calculate the greatest common factor of 29992 and 320378293.
3749
Calculate the greatest common divisor of 155628 and 92576.
44
Calculate the highest common factor of 78842 and 440662.
158
What is the greatest common divisor of 190281 and 441?
21
Calculate the greatest common factor of 42371 and 217.
7
What is the highest common divisor of 33510 and 52139326?
2234
Calculate the highest common divisor of 326878 and 20827.
353
Calculate the highest common divisor of 462 and 1107229266.
66
Calculate the highest common factor of 1280768 and 2048.
256
Calculate the greatest common divisor of 2268844 and 435.
29
What is the greatest common divisor of 1677410 and 1426?
62
What is the greatest common factor of 744954 and 2373?
21
What is the greatest common factor of 567 and 58065741?
81
Calculate the greatest common factor of 141956 and 3312821.
1543
What is the greatest common divisor of 26218164 and 42?
42
What is the greatest common factor of 1056 and 247399944?
264
What is the greatest common factor of 1657327 and 10783577?
7301
Calculate the highest common factor of 263711 and 63.
7
What is the highest common divisor of 4140 and 1647420?
60
Calculate the greatest common factor of 1736 and 7771669.
31
What is the greatest common divisor of 7921 and 4631115?
89
Calculate the greatest common divisor of 101808 and 15251202.
1818
What is the greatest common divisor of 49266112 and 2688?
448
What is the greatest common factor of 33999425 and 25?
25
Calculate the greatest common factor of 9676404 and 5778.
18
What is the highest common factor of 2342446 and 58?
58
Calculate